
True
Let q be (5/(-5))/((-3)/6). Let y be -4*q*4/(-16). Suppose -y - 24 = -2*v. Is v prime?
True
Let l(v) = 155*v**2 - 1. Suppose -2*n + 2 = 0, 3*f + n - 2 = 2. Let h be l(f). Is 0 + h/4*2 prime?
False
Let s be 15/35 - (-25968)/(-28). Let t = 3130 + s. Is t a composite number?
False
Let n(i) = -919*i - 14. Let w be n(-8). Suppose -w = -4*u - 1742. Is u a composite number?
False
Suppose -5*f - b = 2*b + 8, -2*f - 24 = -4*b. Let m(t) = -20*t**3 - t**2 + 8*t + 9. Is m(f) a composite number?
True
Is (-91318)/(-16) - (-87)/(-232) a composite number?
True
Let w(p) = 1585*p**2 - 3*p - 12. Let o be w(-2). Let c = -2461 + o. Is c a prime number?
False
Let k(y) = 30*y**2 + 5*y - 3. Suppose 4*n = 2*n + 2*t + 20, -5*n - 2*t = -57. Suppose 2*q + 7 = 4*g - n, 2*q = -5*g. Is k(g) a composite number?
False
Let d(v) = 6*v**2 - v. Suppose -3*r + 12 = -0. Let p be d(r). Suppose 0 = -h + p - 10. Is h prime?
False
Suppose -h - 2*h + 3*g + 87 = 0, 82 = 3*h - 4*g. Let z(k) = -k**2 - 18*k + 52. Let w be z(-20). Let v = h + w. Is v composite?
True
Is (18 + -3)/(-3) + (1 - -993) a composite number?
True
Suppose h = 103 + 65. Suppose 151 + h = l. Is l a prime number?
False
Suppose -13 = 4*h - y, 5*y = -h - 0*h + 23. Is (-199)/((-3 + h)/5) a prime number?
True
Suppose 3*a = 11 - 2. Suppose 15 = a*b - 756. Is b a composite number?
False
Let h(y) = -y**2 + 5*y + 6. Let m be h(8). Let f be (27/m)/((-3)/8). Suppose f*a - 4*x = 376, -2*a + a + 94 = -2*x. Is a a composite number?
True
Let h(o) = -o**3 + o**2 - o + 203. Let s(i) = i**3 - 4*i**2 + 2*i + 3. Let j be s(3). Let w be j/(6*(-4)/(-8)). Is h(w) a prime number?
False
Let n = -14409 - -26936. Is n a composite number?
False
Let y = 116 + -114. Let t(c) = 257*c**3 - c**2 - 3*c + 5. Is t(y) prime?
False
Let u = 658 - 489. Is u prime?
False
Let l(x) = 1649*x**2 - x + 1. Let m be l(-2). Suppose 817 - m = -14*h. Is h a composite number?
True
Let v = 15891 - 6082. Is v a composite number?
True
Let v(a) = 3*a + 658. Let b(m) = 3*m + 657. Let j(g) = 5*b(g) - 4*v(g). Is j(0) a composite number?
False
Let n(o) = -3 + 4 + 82*o + 4. Is n(5) prime?
False
Let b(f) be the third derivative of f**5/12 + f**4/12 + 11*f**3/3 + 27*f**2. Is b(-9) composite?
False
Suppose -3*h - 835 = j + 534, -2*j + 2267 = -5*h. Let r = 420 - 712. Let y = r - h. Is y a composite number?
False
Let h(k) = -k**2 + 5*k - 1. Let y be h(4). Suppose v - y*v + 4 = 0. Is (-351)/(-6) - (-1)/v prime?
True
Let h(p) = 39*p**3 + 11*p - 15. Is h(7) composite?
True
Is ((-14)/(-4))/(2/12) a prime number?
False
Suppose 3*p - 2*t - 877 = 0, -2*p + 590 = 4*t - 0*t. Is p a prime number?
True
Let r(w) be the third derivative of 37*w**6/120 + w**5/30 + w**4/24 - w**3/2 + 6*w**2. Let h be r(2). Let i = h + -188. Is i a prime number?
False
Suppose 2*o = -2*r + 58, -o - 2*r - 54 = -3*o. Suppose -5*d + o = 4*s, 5*s - 5*d + 14 = 2*s. Is ((-260)/s - 4)/(-2) composite?
False
Let p = -30646 + 56169. Is p a composite number?
False
Suppose 0 = 6*b + 909 + 1257. Let d = -252 - b. Is d a composite number?
False
Suppose 4*v + 0*v - 20 = 0. Suppose -3*p = -3*l + 12, 0 = -v*l + p - 3 + 15. Is (l/4)/((-1)/(-638)) a composite number?
True
Suppose 3*j - 1474 = 2843. Is j composite?
False
Let z(p) = 638*p**2 + p + 4. Let w be z(4). Is ((-15)/(-60))/(2/w) a composite number?
False
Suppose 0 = -3*x + 895 - 2194. Let c = 956 + x. Is c a prime number?
True
Suppose -93 = -n - 92, -2*w + 16646 = 4*n. Is w composite?
True
Let a(u) = -u**3 + 6*u**2 + 5*u - 5. Let h be a(6). Suppose 2*l = -y + 122 + h, -4*l - 777 = -5*y. Let s = 310 - y. Is s a composite number?
False
Let r(u) = 1177*u - 222. Is r(5) a composite number?
True
Is -26*2/(-8)*194 composite?
True
Let s(m) = -9*m + 8. Let y be ((-36)/(-45))/((-2)/15). Let d be s(y). Suppose -4*l + 5*l = d. Is l prime?
False
Let w(u) = -u**3 + 3*u + 3. Let z be w(-2). Suppose d = -z*q + 127, 31 = 3*q - 2*d - 40. Let g = 584 - q. Is g prime?
False
Let v(q) be the second derivative of -65*q**3/6 - 3*q**2/2 + q. Is v(-1) a prime number?
False
Suppose -8*k - 4512 = -24344. Is k a composite number?
True
Suppose 6*n - n - 6034 = -2*c, -2*n = 5*c - 15085. Is c a composite number?
True
Suppose p = -2*z + 3983, 83*z - 7993 = -2*p + 88*z. Is p a prime number?
True
Suppose 0 = -g - 3*g - 8. Let m = g + 21. Is m prime?
True
Suppose -341 - 2439 = 5*d. Let g = -35 - d. Is g a composite number?
False
Suppose -m - 1 = 5*h + 3, 0 = -4*m + h - 58. Is (-3718)/m + (-28)/49 prime?
False
Suppose 0 = -0*w + w - 2. Suppose 43 + 7 = -w*q. Is 142/10 + 5/q prime?
False
Let b be (-1)/3 + (-92943)/(-27). Suppose 6*r = 860 + b. Is r a composite number?
True
Suppose 3*k - 68 = -20. Let n = k - 15. Suppose 3*z - 100 = -n. Is z a composite number?
True
Suppose 282116 - 1180933 = -23*p. Is p a composite number?
False
Let t = -14411 + 32452. Is t composite?
False
Let s = 912 + 157. Is s a prime number?
True
Is 5/30*6 + 4038 - 0 a prime number?
False
Let r(c) = 68*c**2 - 2*c + 1. Let v(d) be the second derivative of -d**3/6 + 6*d**2 - 3*d. Let u be v(11). Is r(u) a composite number?
False
Suppose 93352 = 2*b - 6*i + 8*i, i = -4*b + 186710. Is b prime?
False
Let h be (-4)/(0 - (-4)/(-4)). Suppose l + 6551 = h*b, 4*b - 4*l + 4899 = 7*b. Is b prime?
True
Suppose x - 5255 = -3*v, 5*x = 5*v + 3*x - 8773. Suppose 5*w - 4804 = 3*l, 5*l + v = 2*w - 180. Is w composite?
True
Suppose 0 = -5*g + 161846 + 302759. Is g a prime number?
True
Suppose -2*z + 2 = -z. Is (-3 + 4 - -5)*11/z prime?
False
Let g be (-1 - -12)*7 + 3. Suppose -5*a + 30 = -g. Let v = a - -63. Is v a prime number?
False
Suppose 8*q - 12*q = -0*q. Suppose -3*l + 267 = -q*l. Is l a prime number?
True
Let q = 37 - 42. Let s(v) = -3*v + 4 + 4 - 6*v. Is s(q) prime?
True
Suppose 2*w + 4*v = -0*w, -3*w = 2*v - 12. Is (-1 + 5/(-1))*(-3261)/w a composite number?
True
Let s = 8131 - 3840. Is s prime?
False
Suppose 2*a = -4*v + 69082, 3*a + 69073 = 4*v + 2*a. Is v a composite number?
True
Suppose k + 27010 - 4827 = 3*n, 29580 = 4*n - 2*k. Is n prime?
True
Let j be 6/33 - 34236/22. Let v = j - -3055. Is v a prime number?
True
Let y(i) = -i**2 + 37*i - 36. Let u be y(36). Let r(q) = -q**2 + q + 4. Let n be r(0). Suppose -4*t + 3*m = -16, n = m - u. Is t composite?
False
Let h(t) = -7*t + 9. Suppose 2*w = -2*d + 68, 5*d - 2*w - 156 = -0*w. Let u be (-6)/((-12)/d*-4). Is h(u) a prime number?
True
Suppose 0 = -5*p + 3*p. Let d(k) = p - 3*k - 6*k + 3 - 2. Is d(-2) a prime number?
True
Let w(a) = -412*a + 3. Is w(-4) prime?
False
Let w(f) = 7*f**3 - 14*f**2 - 18*f + 74. Is w(11) prime?
True
Suppose -4*j - 4*l + 68 = 0, -4*j + 4*l + 65 = 5*l. Is -1 + (j/(-6))/((-4)/642) a prime number?
False
Let v(r) = 171*r - 79. Is v(12) a composite number?
False
Let w(s) be the third derivative of -s**6/120 + 7*s**5/60 - s**4/8 - s**3/6 - s**2. Let r be w(5). Suppose -5*b - 3*k + 109 = -k, -4*k + r = 2*b. Is b prime?
True
Let a(p) = -p**3 - 11*p**2 - 4*p - 1. Suppose -s - 17 - 18 = 0. Let r = s - -23. Is a(r) a composite number?
False
Suppose -18993 = -32*y + 140079. Is y a prime number?
False
Let c = -48 - 214. Let w = 903 + c. Is w composite?
False
Let f(q) = q**2 - q + 19. Let y be f(0). Let b = 22 - y. Suppose -4*n + 2*n - 105 = -b*x, -4*x - n = -151. Is x a composite number?
False
Suppose -2*q = 8*q - 140710. Suppose 0 = -2*j + 3*f + q, 0*f + 5*f - 14111 = -2*j. Is j a prime number?
True
Let v be (-94)/((-1)/(3 + -4)). Let t be (8/(-4) - 0) + v. Let o = t - -202. Is o composite?
True
Suppose 2*z - 42690 = -0*h + 5*h, 85400 = 4*z - 5*h. Is z/(-75)*-3*(-15)/(-3) a composite number?
False
Is (-25202)/(-4)*-3*(-4)/6 prime?
True
Suppose 23*o - 25*o = -114834. Is o prime?
False
Let z(j) be the second derivative of 83*j**3/6 + 7*j**2/2 - 2*j. Let s(b) = b + 1. Let d(m) = 4*s(m) - z(m). Is d(-2) a prime number?
False
Let r(l) = -l**3 + 53*l**2 - 73*l + 131. Is r(48) prime?
True
Suppose -7*v - 485 = -12*v. Is v composite?
False
Suppose -14781 = -2*w + 89*g - 94*g, w + 2*g - 7391 = 0. Is w composite?
False
Let k = -773 - -2022. Suppose 4*f + 940 = -j - 59, -5*f - j - k = 0. Let s = f + 749. Is s composite?
False
Suppose 41741 = 27*l - 67474. Is l a prime number?
False
Let i = 649 + -360. Let p = -140 + i. Is p prime?
True
Suppose -15*w + 22*w - 119 = 0. Suppose w*c - 19*c = -